5*n - 58. Let m(b) = -3*b + 29. Let t(j) = -11*m(j) - 6*s(j). Let d be t(-10). Is z(d) composite?
False
Let f(c) = 2*c**2 - 3*c - 11. Let h be f(-2). Suppose 5*l - 5*w = 25, 2*l = -h*l + 2*w + 16. Is (l + -5 - 0)/((-15)/1055) a prime number?
True
Let o(i) = -4723*i**3 + 2*i**2 - i + 1. Let k be o(-2). Let r be (-4)/(-22) - k/55. Let u = -488 - r. Is u prime?
True
Let o(f) = f**2 - 23*f - 22. Let c be o(24). Let g be (c + 0)*18*(-472)/24. Let d = g + 1781. Is d prime?
False
Suppose -4*g - 477 = -5*q, 6 = 3*g - 0*g. Suppose 4*d - 1749 = -q. Is d prime?
False
Let t(h) = h + 2. Let r be t(5). Let n(w) = 7*w**3 - 8*w**2 + w + 11. Let s(u) = u**3 + u + 1. Let o(l) = -n(l) + 6*s(l). Is o(r) composite?
False
Let o(h) = 2*h**3 + 155*h**2 - 61*h + 347. Is o(-63) a prime number?
True
Suppose 61*q + 21*q = 5702198. Is q composite?
False
Let a(g) = 23*g**2 + 35*g + 26. Suppose -5*w - 10 = -4*o + 54, -w - 15 = -o. Is a(o) composite?
True
Let b = 11923 - 4284. Is b a prime number?
True
Let q(j) = -17448*j - 10399. Is q(-27) a composite number?
False
Suppose 5*m = 1595*c - 1592*c - 29434, 0 = 5*c + m - 49010. Is c a composite number?
False
Let n(q) = -q**3 - 3*q**2 - 2*q + 6. Let x be n(0). Suppose 2900 = r - 3*v, -3*r = -5*v + x*v - 8690. Is r a prime number?
True
Let h be (-6 - (-7 - -7))/(6/(-8)). Suppose 3*c - 4*o - 12265 = 0, -3*o - 10 = -h*o. Is c a prime number?
True
Let v be -2*2/(-3) + (-2)/(-3). Suppose 2*y - 1504 = -v*d, -3327 = -4*y - 3*d - 314. Let x = y + -310. Is x prime?
False
Suppose -7*j + 679 - 3227 = 0. Let v = 655 + j. Is v a prime number?
False
Let o(i) = 24615*i**2 + 40*i - 12. Is o(7) composite?
True
Let z be (0/(-4 + -1))/1. Suppose -b - 14 = -4*p - z*b, -5*b = -10. Suppose -2*x - x + 887 = p*h, 4 = -h. Is x composite?
True
Suppose -12319 = -6*w + 719. Let b = 3516 - w. Is b a prime number?
False
Let g be 604/453*(-2139)/2. Let o be (0 - 51 - 0)*-61. Let n = g + o. Is n a composite number?
True
Suppose 353*z = 348*z - 3*p + 944641, 5*z - 4*p - 944627 = 0. Is z a prime number?
True
Let p(n) = -45*n**3 - 20*n**2 - 31*n + 17. Is p(-15) a composite number?
True
Let z be (3120/150)/((-2)/5). Is 954648/78 - (-4)/z a prime number?
True
Suppose o + c = -2341, -6*o - 9374 = -2*o + 2*c. Let m = -523 - o. Is m a prime number?
True
Let p(y) = y**2 - 26*y - 54. Let j be p(28). Suppose 2*b + j*x - 16778 = 0, 0*x - 16780 = -2*b - 3*x. Is b prime?
True
Let j(c) = 10*c**2 + 3*c + 5713. Is j(0) a prime number?
False
Let p(k) = -2*k**2 - 10*k + 5*k + k**3 - 11 - 3*k - 8*k**2 - k**2. Suppose 15 = 4*g - 3*g. Is p(g) a composite number?
False
Suppose -i + 425957 = 4*m - 4*i, 6 = -2*i. Is m composite?
False
Let j be (-7)/1 - 68/(-17). Let y(n) be the first derivative of -39*n**4/4 - 7*n**3/3 - n**2 - 3*n + 1. Is y(j) a prime number?
False
Suppose 5*m - 18 + 52 = -4*i, 0 = 3*i - 3*m + 12. Let l(t) = -16*t**3 + 7*t**2 + 8*t - 13. Is l(i) prime?
False
Let f = 125162 - 61485. Is f a composite number?
True
Let q be 8/14 + (-24930)/42 + 2. Let j = 1244 + q. Is j prime?
True
Is 5277 - (6 + -1 + -1) a prime number?
True
Let w(m) = -18 + 17 - m + 0*m. Let b be w(-5). Suppose 9493 = 5*c - b*q, -4*q + 7616 = -0*c + 4*c. Is c composite?
False
Let v = -23467 + 63380. Let a = v - 5816. Is a prime?
False
Let b = 510545 - 112006. Is b prime?
True
Let q be -6384 + 8/(-12)*9. Let b = q - -10937. Is b a prime number?
True
Let a be (-1 - 154/(-6))/(18/27). Let c = a - 42. Is (-2406)/(-4 + 1) + c a prime number?
True
Let p(q) = 182*q**2 - 25*q - 402. Is p(37) a composite number?
True
Let z be ((-30)/6)/((-3)/1038). Suppose -5*k - 5*k = -z. Suppose -2*o = -451 + k. Is o prime?
True
Is ((-56)/(-24))/(2/6906) prime?
False
Let k be 682/(-186)*(-3 + 0). Suppose -12*r + k*r = -21767. Is r composite?
False
Let k(a) = -16*a**3 + 2*a**2 - 3*a - 9. Let g be k(-2). Let c = -120 + g. Is c a prime number?
True
Suppose d = -4*i + 76545, 26*i + 229657 = 3*d + 27*i. Is d a composite number?
True
Let v be 1/(4/(-3)*1/(-60)). Let z(u) = u**3 - 44*u**2 - 35*u - 59. Is z(v) a composite number?
True
Suppose -7*w - 5*a + 3366377 = 0, -34*w + 37*w - 3*a - 1442733 = 0. Is w a prime number?
True
Suppose -45*b = -1152029 - 306286. Is b a prime number?
False
Let j(l) = -l**2 + l. Let k be j(1). Let d(p) = -p**3 + p**2 + p - 1660. Let q be d(k). Is 3 + 0 + (0 - q) a prime number?
True
Let p be 6520/3 - ((-60)/(-18) - 3). Let b = 9990 - p. Is b a prime number?
True
Suppose -3*y = y - 36. Is 2021/3 - ((-6)/y)/(-1) a composite number?
False
Let z = -269 + 270. Is (-5 - -10) + z*200 a composite number?
True
Suppose 12*t + 2*k - 872 = 10*t, -4*t - 2*k = -1750. Let a = t + 1740. Is a a composite number?
False
Suppose 0*t - z = -3*t + 1, z + 1 = -5*t. Let o(b) = -b**2 - 2*b + 318. Let s be o(t). Suppose y - 1097 + s = 0. Is y composite?
True
Suppose -4*b - 24527 = 2*b - 105533. Is b a prime number?
False
Let h(z) = -9*z**3 - 13*z**2 - 29*z - 172. Is h(-21) a prime number?
False
Suppose 39*y - 813480 = -81*y. Is y prime?
True
Let y be (-37 - -27)*(-4497)/5. Let l = y + -4725. Is l composite?
True
Let o(h) = 39644*h - 297. Is o(4) a composite number?
True
Is 135254/6 - 5*16/60 prime?
True
Let d(g) = -20*g**3 - 78*g - 15. Is d(-11) a composite number?
True
Suppose -4*h - h + 79800 = 0. Suppose 6*p = p - h. Is (-2)/5 - p/30 a composite number?
True
Suppose -q - 4*d = -141987, -426036 = -116*q + 113*q + 3*d. Is q a prime number?
True
Let k be (-80217)/(-6) + ((-20)/8)/(-1). Suppose 4*g - 45748 - k = -4*r, 5*g + 3*r = 73898. Is g composite?
False
Let u = -26 - -48. Let o = u + -19. Is 1 - (4/o)/((-2)/105) a prime number?
True
Suppose g - 5*b = 162734 + 729079, 891837 = g - 2*b. Is g a composite number?
True
Suppose f + 2066 = 3*m, -88*f = -87*f - 1. Is m prime?
False
Let s(k) = k**3 - 5*k**2 + 8*k - 9. Let u be s(6). Let d(b) = 1 - 7 + b + 83*b**2 + u*b**2 + 7. Is d(-2) a composite number?
False
Is 11/((-99)/(-569592)) - -13 a prime number?
False
Suppose 94*s = -72*s + 28*s + 50996382. Is s composite?
False
Suppose 16*k + 26*k = -57*k + 15159969. Is k a composite number?
True
Suppose 0 = -t + 2*f + 14744, -2*t = -3*t + f + 14748. Suppose 5*a - t = 43143. Is a prime?
True
Suppose -t - 4*s + 18 = 0, -2*t + 2*s - 16 = -6*t. Suppose -52*u = -22*u + 32*u - 186. Suppose -3*m = -u*c + t*m + 1829, m = 2. Is c a composite number?
False
Let p be -5 + 10 - (0 + 2 + 1). Suppose -2*k - 4*r = -14, k - 19 = 2*r + p*r. Suppose k*q - 4*q - 406 = 0. Is q a prime number?
False
Suppose -11*c - 6*c = -153. Let s(q) = 1759*q - 40. Is s(c) composite?
False
Suppose 16*r - 5*p + 98 = 18*r, -5*p + 275 = 5*r. Suppose -92*a + r*a = -344685. Is a composite?
True
Let m(z) = 16 - 9 - 6 + 1596*z - 8. Let a be m(1). Let v = a + 3920. Is v composite?
True
Suppose -13*m + 3*h + 41915 = -9*m, 3*h = 9. Is m a prime number?
False
Suppose 4*n + 16 = 0, 506 = 4*w - 5*n - 74. Suppose w*j - 130*j - 155510 = 0. Is j prime?
True
Suppose 5*q = -451 + 851. Let x = 203 - 112. Let t = x - q. Is t a composite number?
False
Suppose -3*c - 16 = -3*w - 2*w, 3*w - 6 = 3*c. Suppose -9*b = -c*b - 25086. Is b prime?
False
Suppose 0 = 34*t - 6*t - 392. Is ((8 - t) + 29392)/2 composite?
True
Suppose -83*g = -75*g - 22752. Let p = g + -1651. Is p composite?
False
Suppose 129951 = 21*l - 204600. Is l a composite number?
True
Suppose -43 = 3*t + 29. Let p = t - -22. Is (1 + -1 + p)/((-6)/207) prime?
False
Suppose 0 = 376*g - 22*g - 46904646. Is g a composite number?
False
Suppose 531*n - 2420 = 511*n. Suppose a - 26 = -3*a - 3*d, 0 = 4*a - 4*d - 12. Suppose -6*z + n = a*z. Is z composite?
False
Let n(z) = -50*z**3 - 21*z**2 + 14*z + 73. Is n(-6) a prime number?
False
Suppose -24*r = -31*r + 15603. Suppose -1 = h, -2*h = -3*u + 4*u - r. Is u prime?
False
Let y = 103 + -97. Is (-63895)/(-30) + (-5)/y a prime number?
True
Let n(q) = 23003*q**2 + 2*q - 1. Let z be n(1). Suppose 4*o - z = -4*j, j + o - 28771 = -4*j. Is j composite?
True
Let i be (-3 + 3)/(-2 - 1). Suppose -4*a + 0*h + h + 2675 = i, 2 = 2*h. Is a prime?
False
Suppose 0 = 17*j - j - 212208. Suppose 3*c + h = j, -8842 = -4*c + 2*c - 5*h. Is c composite?
False
Suppose 163202*o = 163193*o + 629091. Is o a composite number?
False
Let c = 1362 + -633. Let j = -445 + 1053. Let m = c + j. Is m a prime number?
False
Let 